omposite?
False
Is 30183 prime?
False
Is 183023 prime?
True
Is 7401 composite?
True
Is 361039 a composite number?
True
Is 8899 a composite number?
True
Is 73109 composite?
True
Is 6757 prime?
False
Is 237893 prime?
False
Is 4201 a composite number?
False
Is 2074319 prime?
False
Is 240861 a prime number?
False
Is 787 a composite number?
False
Is 12191 a prime number?
False
Is 96821 a prime number?
True
Is 51637 prime?
True
Is 141641 a prime number?
False
Is 282889 a prime number?
True
Is 12071 composite?
False
Is 772295 composite?
True
Is 11465 a prime number?
False
Is 1298633 prime?
False
Is 3791 prime?
False
Is 768947 prime?
False
Is 13093 prime?
True
Is 64765 composite?
True
Is 617783 composite?
True
Is 1901 a prime number?
True
Is 74353 a prime number?
True
Is 300299 prime?
True
Is 294919 a composite number?
False
Is 135631 a composite number?
True
Is 22301 a prime number?
False
Is 2629 prime?
False
Is 3152927 composite?
False
Is 1594951 composite?
False
Is 433141 prime?
True
Is 548033 a composite number?
True
Is 41771 a prime number?
True
Is 10517 prime?
False
Is 348149 composite?
False
Is 510031 a prime number?
True
Is 2854543 composite?
True
Is 972559 a composite number?
True
Is 533357 composite?
True
Is 24599 prime?
False
Is 20731 a composite number?
False
Is 184181 composite?
False
Is 20353 a composite number?
False
Is 195967 composite?
False
Is 465859 a prime number?
False
Is 272863 composite?
False
Is 20479 a composite number?
False
Is 4871 composite?
False
Is 13229 a composite number?
False
Is 4327 a composite number?
False
Is 2434249 a composite number?
False
Is 1210429 a prime number?
False
Is 40943 prime?
False
Is 52951 prime?
True
Is 162007 a composite number?
False
Is 374219 prime?
True
Is 329387 prime?
True
Is 7307 a prime number?
True
Is 89189 a prime number?
True
Is 840299 composite?
False
Is 10727 a composite number?
True
Is 1862071 a prime number?
False
Is 98607 a composite number?
True
Is 122545 a composite number?
True
Is 1569413 a prime number?
True
Is 49733 a composite number?
True
Is 5221 composite?
True
Is 6423 prime?
False
Is 3694 composite?
True
Is 2333 a composite number?
False
Is 501881 composite?
True
Is 1158523 a prime number?
True
Is 152885 composite?
True
Is 257071 prime?
False
Is 70051 composite?
False
Is 29779 a prime number?
False
Is 7043 composite?
False
Is 709031 composite?
True
Is 2357 composite?
False
Is 3197 prime?
False
Is 32411 a prime number?
True
Is 255413 prime?
True
Is 10061 composite?
False
Is 214849 prime?
True
Is 151729 a prime number?
True
Is 6158 prime?
False
Is 42061 composite?
False
Is 73277 composite?
False
Is 150779 a composite number?
False
Is 327127 composite?
False
Is 35047 prime?
False
Is 22069 composite?
True
Is 100999 composite?
False
Is 1502 composite?
True
Is 268171 a composite number?
False
Is 298003 a composite number?
True
Is 915707 a composite number?
True
Is 45161 composite?
False
Is 2629 prime?
False
Is 65203 composite?
False
Is 1795 composite?
True
Is 489 prime?
False
Is 58159 composite?
True
Is 12437 a composite number?
False
Is 19181 composite?
False
Is 141698 a prime number?
False
Is 4139 prime?
True
Is 10529 a prime number?
True
Is 5113 a composite number?
False
Is 1176521 prime?
True
Is 135791 composite?
True
Is 399029 composite?
True
Is 58251 a prime number?
False
Is 10897 a prime number?
False
Is 614561 a prime number?
True
Is 3683 a prime number?
False
Is 611 composite?
True
Is 13211 composite?
True
Is 968547 a composite number?
True
Is 12569 a prime number?
True
Is 159707 prime?
True
Is 186259 prime?
True
Is 300161 prime?
False
Is 49535 a composite number?
True
Is 2260009 composite?
False
Is 21427 prime?
False
Is 12437 a prime number?
True
Is 2148019 a composite number?
False
Is 5309 a composite number?
False
Is 95597 a composite number?
False
Is 8639 a composite number?
True
Is 17729 a prime number?
True
Is 66977 composite?
False
Is 3691717 composite?
False
Is 307823 prime?
True
Is 526703 prime?
True
Is 7411 a composite number?
False
Is 10963 composite?
True
Is 21083 a prime number?
False
Is 92761 a prime number?
True
Is 89483 composite?
True
Is 1533431 composite?
False
Is 7691 prime?
True
Is 1980743 a composite number?
False
Is 67369 a prime number?
True
Is 7463 a composite number?
True
Is 3799 a prime number?
False
Is 7907 prime?
True
Is 686293 prime?
True
Is 2521 a composite number?
False
Is 293893 a prime number?
True
Is 847339 composite?
False
Is 486907 composite?
False
Is 204461 composite?
False
Is 32863 composite?
True
Is 708103 prime?
False
Is 485 composite?
True
Is 4073 a composite number?
False
Is 7849 a composite number?
True
Is 219571 composite?
True
Is 22943 a composite number?
False
Is 132509 a composite number?
True
Is 6521 a composite number?
False
Is 18589 prime?
False
Is 2459473 a composite number?
False
Is 79967 composite?
False
Is 31931 a prime number?
False
Is 17149 prime?
False
Is 12319 prime?
False
Is 287537 a composite number?
False
Is 3238 prime?
False
Is 1361099 a composite number?
False
Is 89729 composite?
True
Is 1637 a prime number?
True
Is 3947 prime?
True
Is 1397 composite?
True
Is 479743 a prime number?
False
Is 1417621 composite?
True
Is 57895 prime?
False
Is 378839 a composite number?
True
Is 21309 composite?
True
Is 15629 composite?
False
Is 625267 a composite number?
False
Is 144139 a prime number?
True
Is 2671 prime?
True
Is 79923 composite?
True
Is 19627 composite?
True
Is 84437 composite?
False
Is 64873 prime?
False
Is 17519 a prime number?
True
Is 64777 composite?
True
Is 67997 composite?
True
Is 1283495 a composite number?
True
Is 2809547 a composite number?
True
Is 853529 composite?
False
Is 449 prime?
True
Is 90947 a prime number?
True
Is 246199 a prime number?
False
Is 170099 prime?
True
Is 11113 prime?
True
Is 4703 a prime number?
True
Is 13549 composite?
True
Is 24551 a composite number?
False
Is 163274 prime?
False
Is 87083 a prime number?
True
Is 36181 a prime number?
False
Is 281189 composite?
False
Is 6737 a prime number?
True
Is 24907 composite?
False
Is 12471 prime?
False
Is 831 a prime number?
False
Is 5981 a composite number?
False
Is 41739 prime?
False
Is 197947 composite?
False
Is 15499 a composite number?
True
Is 2901 prime?
False
Is 1657 prime?
True
Is 4183 a composite number?
True
Is 56119 a prime number?
False
Is 117563 a composite number?
False
Is 1783 composite?
False
Is 41573 a composite number?
True
Is 613 a composite number?
False
Is 105295 prime?
False
Is 43339 prime?
False
Is 3473 prime?
False
Is 211427 prime?
True
Is 28369 prime?
False
Is 219111 a prime number?
False
Is 89809 composite?
False
Is 10219 prime?
False
Is 174869 composite?
True
Is 10765 a composite number?
True
Is 33377 a prime number?
True
Is 7069 a prime number?
True
Is 173461 a composite number?
True
Is 40231 composite?
False
Is 37171 a composite number?
False
Is 4049 a prime number?
True
Is 42037 a prime number?
False
Is 178361 prime?
True
Is 66403 a prime number?
True
Is 1103 prime?
True
Is 38723 a prime number?
True
Is 436217 a prime number?
True
Is 14981 composite?
True
Is 103241 a composite number?
True
Is 49859 prime?
False
Is 18479 composite?
True
Is 44059 a prime number?
True
Is 302899 a composite number?
True
Is 765673 a composite number?
False
Is 7621 a composite number?
False
Is 523951 a prime number?
False
Is 99971 a prime number?
True
Is 328007 a prime number?
True
Is 578957 a prime number?
True
Is 174803 composite?
True
Is 448961 a composite number?
True
Is 2629 prime?
False
Is 154519 a composite number?
True
Is 2083321 prime?
True
Is 47755 composite?
True
Is 63059 composite?
False
Is 23101 a prime number?
False
Is 721 a prime number?
False
Is 30977 prime?
True
Is 1026794 prime?
False
Is 918431 composite?
False
Is 69743 a prime number?
False
Is 29366 prime?
False
Is 21055 composite?
True
Is 690491 composite?
False
Is 7369 a prime number?
True
Is 61001 composite?
False
Is 84829 a composite number?
True
Is 5897 a prime number?
True
Is 15891 a prime number?
False
Is 11483 a composite number?
False
Is 1015267 composite?
True
Is 15415 prime?
False
Is 194809 a prime number?
True
Is 118387 prime?
True
Is 2746895 a composite number?
True
Is 36911 prime?
False
Is 34985 a composite number?
True
Is 9491 composite?
False
Is